6. Determine b(2).
2260
Let v(m) = -303*m + 4031. Determine v(13).
92
Let i(b) = -13267*b - 1658376. Calculate i(-125).
-1
Let s(n) = -1202*n + 49241. What is s(41)?
-41
Let o(j) = j**2 + 17*j - 23299. Give o(144).
-115
Let j(d) = d**3 - 3*d**2 - 4863*d + 1541. Calculate j(71).
-944
Let q(f) = 29568*f + 147841. What is q(-5)?
1
Let n(h) = -6*h**2 + 1131*h + 12522. What is n(199)?
-15
Let x(s) = -s**2 + 99*s - 517. Give x(92).
127
Let x(f) = 439057*f - 21952832. Calculate x(50).
18
Let x(y) = -24*y**3 - 93*y**2 - 48*y - 168. What is x(-4)?
72
Let d(z) = 3201*z - 25721. What is d(8)?
-113
Let t(m) = m**3 - 16*m**2 + 23*m - 26. Determine t(14).
-96
Let i(y) = -117106*y - 936848. What is i(-8)?
0
Let v(d) = 40*d**2 + 16452*d + 113205. What is v(-7)?
1
Let s(f) = -120*f**3 - 24*f**2 + 43*f + 152. What is s(-3)?
3047
Let k(m) = -m**2 + 46264*m - 416280. What is k(9)?
15
Let z(i) = 3*i**3 + 5*i**2 - 355*i + 1812. What is z(5)?
537
Let j(a) = 75048*a + 600345. Give j(-8).
-39
Let v(y) = 2*y**2 - 1088*y - 71149. Calculate v(-59).
5
Let y(v) = v**2 - 691*v + 5496. What is y(8)?
32
Let j(d) = 98*d**3 + 17052*d**2 - 18*d - 3156. Determine j(-174).
-24
Let f(j) = -j**2 + 53152*j + 425279. What is f(-8)?
-1
Let a(x) = 3*x**3 - 36*x**2 + 14*x + 39. Give a(9).
-564
Let t(j) = -j**3 - 7818*j**2 - 380681*j - 11. Give t(-49).
-11
Let c(q) = 59500*q - 178507. Determine c(3).
-7
Let y(j) = -3*j**3 + 179*j**2 - 302*j + 775. Determine y(58).
79
Let m(i) = -575*i - 36914. Determine m(-64).
-114
Let g(m) = 3*m**2 + 5852*m + 40808. What is g(-7)?
-9
Let k(x) = -2*x**2 + 62999*x + 189014. Determine k(-3).
-1
Let m(q) = -q**2 + 2840*q + 28. Give m(0).
28
Let l(x) = -x**3 + 359*x**2 + 17706*x - 1111. Calculate l(-44).
33
Let o(f) = -f**3 + 5*f**2 + 102*f - 600. Determine o(7).
16
Let j(v) = -v**3 + 56*v**2 + 42*v + 4325. What is j(58)?
33
Let o(w) = -35*w**3 + 8*w**2 + 13*w - 19. Give o(-3).
959
Let g(r) = r**2 + 10921*r - 2542001. Determine g(228).
-29
Let c(b) = -47*b + 3159. Calculate c(69).
-84
Let g(a) = a**3 + 3*a**2 - 3232*a + 2340. Give g(55).
30
Let m(a) = 2*a**3 - 137*a**2 + 1775*a - 471. Calculate m(17).
-63
Let v(y) = 9*y**2 - 105996*y + 317976. Give v(3).
69
Let z(w) = w**2 + 316*w - 13885. Give z(-355).
-40
Let v(z) = -2*z**2 + 1162*z + 43125. Calculate v(616).
5
Let y(w) = w**2 - 314*w + 22894. What is y(116)?
-74
Let g(x) = 84649*x + 84652. What is g(-1)?
3
Let g(q) = 479*q - 2341. Give g(5).
54
Let v(p) = -192*p + 18056. Determine v(94).
8
Let c(o) = -1295*o + 117820. Give c(91).
-25
Let s(l) = -310*l + 4554. Determine s(13).
524
Let n(l) = 505*l**3 + 5*l**2 - 19*l - 16. Give n(-1).
-497
Let i(f) = -f**3 + 11*f**2 - 380*f + 4191. Give i(11).
11
Let o(f) = -320324*f - 4804869. Give o(-15).
-9
Let y(p) = p**3 - 10*p**2 - 35*p + 353. Calculate y(10).
3
Let n(c) = -7349*c - 58866. Calculate n(-8).
-74
Let t(d) = 23014*d + 35855806. Give t(-1558).
-6
Let u(c) = -3*c**2 + 1958*c + 97167. Give u(699).
6
Let q(b) = 468855*b + 937738. What is q(-2)?
28
Let r(p) = -7473*p + 7435. Calculate r(1).
-38
Let d(o) = -o**3 + 100*o**2 - 1489*o + 1084. Give d(82).
18
Let w(m) = 1877*m + 27580. Give w(-15).
-575
Let x(w) = w**3 - 625*w**2 - 1226*w - 17671. Determine x(627).
-115
Let s(j) = 28210*j + 7165329. Determine s(-254).
-11
Let n(m) = -m**3 + 111*m**2 - 1066*m - 27. What is n(12)?
1437
Let d(c) = -5*c**2 - 861*c + 19964. Calculate d(-193).
-108
Let m(i) = 2070*i + 74512. Determine m(-36).
-8
Let c(j) = 3*j**2 + 333*j + 4995. Give c(-81).
-2295
Let i(r) = 6*r**3 - 30*r**2 - 7*r - 21. Calculate i(6).
153
Let r(v) = -3*v**2 - 225133*v - 450270. Calculate r(-2).
-16
Let t(j) = -12*j**2 - 3371*j + 6. Calculate t(0).
6
Let r(u) = -512*u + 9790. Calculate r(19).
62
Let q(v) = -v**3 - 154*v**2 - 1530*v + 1956. What is q(-143)?
-4193
Let c(j) = j**3 - 124*j**2 - 1773*j - 1096. Determine c(137).
0
Let w(h) = 4*h**2 + 1090*h + 54719. Calculate w(-206).
-77
Let k(f) = -18841*f - 282636. Calculate k(-15).
-21
Let f(u) = -720*u + 67313. Calculate f(94).
-367
Let d(s) = -2*s**3 + 114*s**2 - 1350*s + 6. What is d(40)?
406
Let q(g) = -g**2 + 236*g - 6362. What is q(31)?
-7
Let d(z) = 36946*z + 1847307. Give d(-50).
7
Let o(w) = w**3 - 93*w**2 + 160*w - 423. Give o(91).
-2425
Let k(c) = 2451*c**3 - 22*c**2 - 8*c + 8. What is k(1)?
2429
Let x(r) = 1275*r + 266475. What is x(-209)?
0
Let g(i) = -95133*i + 22356278. Determine g(235).
23
Let z(x) = 4*x + 672. What is z(48)?
864
Let q(f) = 56*f**3 + 7*f**2 + 24*f - 22. Calculate q(1).
65
Let o(n) = -2*n**3 - 149*n**2 + 221*n + 886. Give o(-76).
1418
Let o(y) = 109*y**2 + 1962*y + 56. Determine o(-18).
56
Let n(c) = -2*c**3 - 80*c**2 + 417*c - 29147. Determine n(-50).
3
Let v(a) = 2*a**3 + 199*a**2 - 73*a - 27. Determine v(-100).
-2727
Let g(m) = -6*m**2 - 537*m - 4365. Determine g(-79).
612
Let t(f) = -22*f**2 + 413*f + 1274. Calculate t(-3).
-163
Let r(d) = -1238*d - 12591. Calculate r(-10).
-211
Let q(a) = a**3 - 55*a**2 + 1193*a - 47155. Give q(50).
-5
Let q(f) = -302*f - 53156. What is q(-176)?
-4
Let j(f) = f**2 - 31338*f - 784183. What is j(-25)?
-108
Let x(y) = -7*y**2 + 387*y + 2502. Calculate x(-6).
-72
Let b(s) = -23939*s + 143630. Give b(6).
-4
Let v(y) = 22353*y**2 - 178825*y + 8. What is v(8)?
0
Let l(o) = -162*o**2 - 5264*o + 2706. What is l(-33)?
0
Let y(h) = -51995*h - 259978. Give y(-5).
-3
Let r(s) = 25*s**3 + 6*s**2 - 1925*s - 1925. Give r(-1).
-19
Let i(j) = -2*j**2 - 54355*j - 271741. Determine i(-5).
-16
Let q(k) = 1507*k + 3201. Give q(-1).
1694
Let s(j) = -28*j**2 + 201*j + 805. Calculate s(-4).
-447
Let n(t) = -2*t**3 - 9*t**2 - 6907*t - 27611. Calculate n(-4).
1
Let u(y) = 2*y**3 + 735*y**2 - 34394*y - 21. Give u(42).
147
Let h(g) = -34*g**2 - 132*g - 95. What is h(-6)?
-527
Let t(j) = j**3 - 18*j**2 + 82*j - 329. Calculate t(15).
226
Let v(f) = 58*f**2 - 10149*f - 10383. What is v(176)?
1
Let p(k) = -177*k**3 - 4783*k**2 - 31*k + 2084. Calculate p(-27).
5
Let p(w) = -28*w**2 + 627*w - 2841. Calculate p(16).
23
Let h(q) = -312*q**2 + 128*q + 259. Give h(-2).
-1245
Let o(z) = -54*z**2 + 2888*z + 77. Give o(53).
1455
Let p(r) = 4*r**3 + 2*r**2 - 217*r + 578. Give p(3).
53
Let q(x) = -1518*x + 81962. Determine q(54).
-10
Let w(l) = -258*l - 119994. What is w(-465)?
-24
Let h(x) = 10*x**3 + 2386*x**2 - 3364*x - 980. Calculate h(-240).
-20
Let g(l) = -7725*l + 92692. Calculate g(12).
-8
Let m(l) = l**2 - 67*l - 120. Determine m(12).
-780
Let a(l) = 330*l**2 - 1272*l + 5104. What is a(4)?
5296
Let n(x) = -x**3 - 108*x**2 + 126688*x + 1800. What is n(-414)?
144
Let w(d) = 8533*d - 85295. What is w(10)?
35
Let g(z) = -2*z**2 + 345*z + 3614. Calculate g(-10).
-36
Let p(q) = -q**2 - 71*q + 15735. Calculate p(-166).
-35
Let u(r) = -49*r**3 + 12*r**2 + 2*r - 4. Determine u(-3).
1421
Let n(u) = 43*u**2 + 5101*u - 345. Determine n(-119).
1559
Let o(y) = 33*y**2 - 1802*y + 13400. Determine o(9).
-145
Let d(c) = -5674*c - 470862. What is d(-83)?
80
Let r(y) = 11*y**3 + 12*y**2 - 335*y - 25. Give r(-6).
41
Let w(z) = -286*z + 176753. Determine w(618).
5
Let t(h) = -6732*h - 87529. Determine t(-13).
-13
Let h(r) = 96*r**2 + 5839*r + 11673. Calculate h(-2).
379
Let h(n) = 24451*n**2 + 586830*n + 147. Give h(-24).
3
Let n(g) = 64*g**2 + 1120*g + 115. What is n(-17)?
-429
Let u(j) = 4852*j + 23971. What is u(-5)?
-289
Let g(o) = -45*o**2 + 3456*o + 4220. What is g(78)?
8
Let q(s) = -1907*s + 7759. What is q(4)?
131
Let u(f) = 3*f**2 + 1994*f + 266208. Calculate u(-185).
-7
Let a(j) = -j**3 - 58*j**2 - 5394*j - 304261. Give a(-57).
-52
Let p(b) = -12*b**3 + 4*b**2 + 4. Calculate p(-3).
364
Let y(t) = -21596*t + 1036616. What is y(48)?
8
Let q(t) = 9*t**2 + 275*t - 138. Determine q(-31).
-14
Let x(i) = i**3 - 51*i**2 - 78*i + 15362. What is x(45)?
-298
Let f(h) = h**3 + 591*h**2 + 13086*h + 526. Calculate f(-23).
20
Let x(y) = 143*y + 15035. What is x(-104)?
163
Let q(i) = 95*i**2 - 5077*i - 2901. What is q(54)?
-39
Let h(y) = 16*y**2 - 139*y + 11. What is h(11)?
418
Let r(f) = 246*f + 16919. Calculate r(-68).
191
Let d(v) = 842*v + 6076. Calculate d(-7).
182
Let q(u) = -2*u**3 - 41*u**2 + 239*u - 317. Calculate q(3).
-23
Let o(q) = -4*q**3 + 188*q**2 - 2193*q + 221. Give o(26).
-13
Let w(h) = -7021*h + 42112. Give w(6).
-14
Let b(p